 = g**2 + 12*g - 31. Let n = 717 - 731. What is c(n)?
-3
Let o = 84 + -4. Let x be (64/o)/((-1)/(-5)). Let m(p) = 3*p + 2. Let g(u) = -u - 1. Let r(k) = -5*g(k) - 2*m(k). What is r(x)?
-3
Let p be 1 + 5 + -2 - -1. Let b(o) be the second derivative of 5/12*o**4 + 0 + 1/3*o**3 - 2*o**2 + 1/20*o**5 + p*o. Calculate b(-4).
4
Let v(t) = t + 1. Let o = -35 + 15. Let r = o + -2. Let w = -21 - r. Determine v(w).
2
Let r(z) be the second derivative of 1/4*z**4 + 3/2*z**2 + 0 - 4*z + 1/20*z**5 - 1/3*z**3. Determine r(-3).
9
Let p(n) = -n**2 + 9*n + 7. Let w = -566 + 578. Calculate p(w).
-29
Let x(o) = -2*o**2 + 8*o + 8. Let u(f) = -3*f**2 + 10*f + 10. Let p(c) = 3*u(c) - 4*x(c). Determine p(-3).
-5
Let q(t) be the second derivative of -t**4/12 - 5*t**3/6 - t**2/2 + 4230*t. Let r = 16 - 23. What is q(r)?
-15
Let u(p) = p**3 - 5*p**2 + 4*p. Let i be 14/(-56)*(0 - 0). Suppose 3*b - v - v = 6, i = -5*v + 15. Give u(b).
0
Let p(z) = -z**2 - z + 7. Suppose 0*g + 2*g = 2. Let i(a) = -a**3 + 3*a**2 - 2. Let y be i(g). What is p(y)?
7
Let l = 0 - -7. Let r(s) = -2*s - 9. Let o(v) = v + 4. Let a(u) = 5*o(u) + 3*r(u). Calculate a(l).
-14
Let q(h) = h**3 - 8*h**2 + 8*h + 6. Suppose 4*m = 0, -5*v + 5*m + 110 = -0*m. Suppose 3*w - p + 5 - v = 0, -w + p = -3. What is q(w)?
13
Let n(x) = x - 11. Let g(q) = -q**2 + q + 12. Let c be g(-3). Determine n(c).
-11
Let v be (6/(-3))/1 - 3. Let g(p) be the second derivative of 0 - 1/6*p**3 - 10*p - 5/2*p**2. Give g(v).
0
Suppose -133 = -14*g + 133. Let s(i) = g - 5*i + 10 - 31. Give s(-3).
13
Let q = 1541 + -1540. Let w(a) be the first derivative of -2 - 1/2*a**2 + a + 4*a**3. Calculate w(q).
12
Let s(l) = 8*l + 7*l**2 - 3*l**3 + l**2 + 1 + 4*l**3. Let r(f) = f**2 + 13*f + 4. Let j be r(-9). Let w = 25 + j. Calculate s(w).
-6
Let m = 24 - 4. Let t = -21 + m. Let k(w) be the second derivative of -w**3/2 + w. What is k(t)?
3
Let v(g) be the second derivative of g**5/20 + 5*g**4/12 + g**3/3 + 8*g**2 - 2*g - 91. Calculate v(-5).
6
Let w be (-2)/8*-14*(-2)/(-1). Let i(q) = 1 - w*q**2 + 4*q - 1 + 6*q**2. Calculate i(3).
3
Suppose 3*a + 2 - 5 = 0. Let j(o) = -a - 4*o**2 - 2*o**2 - o**2. Suppose 3*m + 4*l = -1, 10 = 5*l + 15. Calculate j(m).
-8
Let u(x) = x**3 + 3*x**2 - 5*x - 1. Let p be u(-4). Suppose -p*q - 2 - 13 = 0. Let n(z) = z**2 + 3*z - 2. Calculate n(q).
8
Let c(w) = 3*w**2 + 4*w - 1. Let d be 30/(-25)*(-45)/18. Determine c(d).
38
Let a(f) = -f**3 - 7*f**2 + f + 9. Let v be a(-7). Let c(s) = -3*s - 2*s + 11*s - 5*s - 13*s**v. Calculate c(1).
-12
Suppose 0 = 2*s + w - 10, -s + 0*w - 4*w + 19 = 0. Let i(c) = -c**3 + 4*c**2 - 4*c + 1. Determine i(s).
-2
Let v(k) = -k**3 + 7*k**2 - 2. Let r = 22 + -57. Let q = -28 - r. Give v(q).
-2
Let c(r) be the first derivative of r**3/3 - r**2/2 - 3*r + 1. Let o = 440 - 436. Determine c(o).
9
Let a be 1 - (0 + 4 + 0). Let n(r) = -117 - 3*r + r + 126 + 0*r. Let o(m) = m - 3. Let s(x) = a*n(x) - 8*o(x). What is s(-3)?
3
Let v(r) = -r**3 - 5*r**2 + 5*r - 5. Suppose -52 = -4*t + 2*o, 4*t + 2*o - 32 = -o. Let n = t - -8. Let j = 13 - n. Determine v(j).
1
Let o(m) = -3*m - 4. Let d be ((-1444)/(-1))/(-4) - -1. Let t be (-4)/(-28) - d/28. Let g = 10 - t. Give o(g).
5
Let t(q) = -4*q**2 + 2*q + 3. Let c(v) = -2*v**2 + v + 1. Let g(m) = 11*c(m) - 6*t(m). What is g(-3)?
14
Let i(x) = 4*x**2 - 2*x + 1. Let u be i(1). Suppose -4*o + 28 = -4*k, -4*o = -o + u*k - 3. Let j(v) = 2 + 0*v - 3*v**2 - 2*v**3 + o*v + v**3. Give j(-4).
2
Let c(v) = -3*v**2 - 3*v + 1. Let h be -5*(-5 + (-62)/(-10)) + 4. Determine c(h).
-5
Let m(k) = -36 + 30 + 1656*k + k**2 - 1658*k. Calculate m(-5).
29
Let l(p) = p**2 + 3*p. Let u = -88 + 7. Let g = u + 78. Determine l(g).
0
Suppose -s + 20 = 18. Suppose 5*y + 46 = -s*k, -2*k = -0*y - y - 2. Let l(c) = c**2 + 7*c - 11. Determine l(y).
-3
Let y(n) be the first derivative of -7*n**3/3 - 9*n - 12. Let v(s) be the first derivative of y(s). What is v(1)?
-14
Let m(y) = -4*y**3 - 4*y - 1. Let j(z) = z**3 - z**2 + z + 1. Let u(t) = 3*j(t) + m(t). Let i(n) = -n**2 - 27*n - 144. Let r be i(-7). What is u(r)?
22
Suppose -9*p + 1059 - 1086 = 0. Let k(j) = 2*j**2 + 5*j + 3. Calculate k(p).
6
Let w(a) = -7 + 5*a + 6 - a + 5. What is w(-2)?
-4
Let f be 6/(-14) - (-39)/(-7). Let c(u) = -3*u - 13. Let i be c(f). Let v(o) = 2 - o**3 + 2*o + o**2 + 0*o + 3*o + 3*o**2. What is v(i)?
2
Let t be 1/(-5)*174 + (-3)/15. Let f be 9*(-3 + t/(-15)). Let p(a) = a + 3. Determine p(f).
-3
Let s(t) = 8*t - 3. Let w be ((-9)/(-2) - 3)/((-15)/10). Determine s(w).
-11
Let u = 14 - 13. Let q be u/(-4) + 336/64. Let b(p) = p**2 - 6*p + 1. Determine b(q).
-4
Let d(o) = -o**3 + 4*o**2 + 18*o + 17. Let a be d(7). Let n(r) = -2*r**2 - 4*r + 1. What is n(a)?
-15
Let l(k) be the third derivative of 5*k**4/12 + 65*k**3/6 - 180*k**2. Give l(-7).
-5
Let h(l) = -l**3 - l**2 + 3*l + 2. Let s(b) = b**3 + 11*b**2 - b - 7. Let x be s(-11). Suppose -2*t = -x*t - 4. Determine h(t).
0
Let d be 5/(-2)*(780/50 + -16). Let u(n) = 8*n**3 + n - 1. Determine u(d).
8
Let l(m) = -3*m**3 - 19*m**2 + m + 8. Let r(f) = 7*f**3 + 41*f**2 - 3*f - 16. Let z(t) = -9*l(t) - 4*r(t). What is z(6)?
46
Let m(b) = -29*b + 59*b - 29*b - 3. Let l(y) = 2*y + 6. Let v be l(-6). Let h be 85/20 - v/8. Determine m(h).
2
Let s(n) = 4*n + 10. Let r = -390 - -388. Calculate s(r).
2
Let w(a) be the second derivative of a**4/12 + 4*a**3/3 - 13*a**2/2 - 234*a. Give w(-10).
7
Let z(u) = u**2 - 13*u + 32. Let q be z(10). Let d(o) = 16*o**2 + 2 + 15*o**2 + 2*o - 37*o**q + 5*o**2. Calculate d(4).
-6
Let b(r) = 4*r - 5. Let l(m) = -2*m + 1. Let n(y) = b(y) + 5*l(y). Determine n(7).
-42
Suppose 3*p = n + 20, -6*p + 3*p = 3*n. Let r(u) = u**3 - 4*u**2 - 5*u - 5. Give r(p).
-5
Let l(u) = -45*u + 34. Let m(k) = 11*k - 8. Let w(j) = -2*l(j) - 9*m(j). Calculate w(5).
-41
Let b be (6/(-5))/(22/(-55)). Suppose 1 = g - b. Let r(a) = g*a - 1 - 3*a + 9*a. Calculate r(-1).
-11
Let z(p) = 13*p + 18*p + 1 - 25*p. Let k be z(-1). Let t(u) = -u**3 - 6*u**2 - 5*u - 7. What is t(k)?
-7
Let w(b) = 4*b**2 + 6*b + 1. Let p(a) = 4*a**2 + 7*a. Suppose -4*h - 6*h = -20. Let r(n) = h*p(n) - 3*w(n). Give r(-2).
-11
Let h(t) be the second derivative of -2*t**5/5 + t**4/12 - t**3/6 - t**2/2 - 27*t. What is h(-1)?
9
Let w(q) = -q**2 - 10*q + 2. Suppose 270 = -15*k - 12*k. Give w(k).
2
Let b(j) = -11 + 15 - 37 - j**2 + 2*j**2. What is b(0)?
-33
Let s(l) = -6*l**3 + l**2. Let a(t) = t**2 + 39*t + 41. Let b be a(-38). Let m = -1 + 1. Suppose 7*w - 4*w - x = 0, -b*w - 4*x + 15 = m. Give s(w).
-5
Let j be ((-1)/3)/(2/6). Let c(v) = -4*v**2 - 5. Let g(z) be the first derivative of -4*z**3/3 - 4*z + 10. Let q(n) = -5*c(n) + 6*g(n). Give q(j).
-3
Let z(w) = -w**2 + 5*w - 10. Suppose -f + 8*l - 4 = 4*l, -3*f - 3*l + 33 = 0. What is z(f)?
-34
Let z(v) = -5*v + 214 - 106 + 3*v**2 - 106 + 2*v. What is z(2)?
8
Let r(o) = -51*o**2 + 26*o + 12. Let q(w) = -61*w**2 + 30*w + 13. Let k(x) = -5*q(x) + 6*r(x). Let s = -13 + 20. Determine k(s).
0
Let f(k) = -k - 2. Let q(t) = -6*t - 11. Let c(w) = -11*f(w) + 2*q(w). Suppose -1191*n + 42 = -1177*n. What is c(n)?
-3
Let h(l) = 38*l - 1. Suppose 5*a - 2*g + 12 = 9*a, 4*a - 2*g + 4 = 0. What is h(a)?
37
Suppose 0 = 121*w - 137*w + 48. Let b(l) = 2*l**3 - 7*l**2 + 3*l - 4. Calculate b(w).
-4
Let l(t) = -t**2 + 7*t - 4. Suppose -4*w + 23 = -9. Let c = -3 + w. Give l(c).
6
Let k(p) = p**3 + 2*p**2 + p + 1. Let h = 13 + -15. Let d be k(h). Let f(s) = 0 - 1 + 2 + 0 + s. What is f(d)?
0
Let k(f) = 4*f - 4. Let g(m) = m**2 + 13*m + 8. Let t be g(-12). Calculate k(t).
-20
Let s = -15 - 4. Let k be 13 - (4 + s)/(-3). Let p(u) = -u**2 + 10*u - 11. Give p(k).
5
Let q(k) = -4*k**2 - 6*k + 10. Let p(h) = h**2 - 1. Suppose -4*i + 5*i = 4. Suppose y = i*y - 9. Let n(c) = y*p(c) + q(c). Give n(-6).
7
Suppose -p + 48 = -4*l, -l + 0*p + 17 = 7*p. Let z(b) = 5*b + 6. Give z(l).
-49
Let f(t) be the second derivative of -t**4/4 + t**3/6 + t**2 + 42*t. Give f(2).
-8
Let j(q) be the first derivative of q + 2*q**3 - 1/2*q**2 - 2. Suppose -2*w - 3*n = -0*w + 1, 3*w + 4*n = -1. Calculate j(w).
6
Let h(n) = -2*n - 3. Let u(f) be the first derivative of f**2/2 + 5*f - 8. Let l be u(0). What is h(l)?
-13
Let y(q) be the first derivative of -q**3/3 + q**2/2 - 5*q - 20. What is y(0)?
-5
Let g(m) be 